{"id":84,"date":"2023-08-13T15:46:23","date_gmt":"2023-08-13T13:46:23","guid":{"rendered":"http:\/\/locaperche.fr\/?post_type=product&#038;p=84"},"modified":"2025-03-09T18:03:13","modified_gmt":"2025-03-09T17:03:13","slug":"chauvet-hurricane-700","status":"publish","type":"product","link":"https:\/\/locaperche.fr\/index.php\/produit\/chauvet-hurricane-700\/","title":{"rendered":"MACHINE A FUMEE 700W"},"content":{"rendered":"<div class=\"product-specs-container show-content\">\n<h2>Caract\u00e9ristiques<\/h2>\n<div class=\"specifications-detail\">\n<h3 class=\"content-heading\">Caract\u00e9ristiques du produit<\/h3>\n<div class=\"spec-box\">\n<ul>\n<li><span class=\"col-md-5\">Connexion t\u00e9l\u00e9commande<\/span> <span class=\"col-md-7\"> c\u00e2ble fixe <\/span><\/li>\n<li><span class=\"col-md-5\">Nombre de canaux DMX<\/span> <span class=\"col-md-7\"> aucun <\/span><\/li>\n<li><span class=\"col-md-5\">DMX<\/span> <span class=\"col-md-7\"> non <\/span><\/li>\n<li><span class=\"col-md-5\">Commande sans fil<\/span> <span class=\"col-md-7\"> non <\/span><\/li>\n<li><span class=\"col-md-5\">\u00c9co-responsabilit\u00e9 du produit<\/span> <span class=\"col-md-7\"> non sp\u00e9cifi\u00e9 <\/span><\/li>\n<li><span class=\"col-md-5\">Effet lumineux \/ laser int\u00e9gr\u00e9<\/span> <span class=\"col-md-7\"> non <\/span><\/li>\n<li><span class=\"col-md-5\">Machine \u00e0 fum\u00e9e lourde<\/span> <span class=\"col-md-7\"> non <\/span><\/li>\n<li><span class=\"col-md-5\">Direction du jet<\/span> <span class=\"col-md-7\"> horizontal <\/span><\/li>\n<li><span class=\"col-md-5\">Puissance<\/span> <span class=\"col-md-7\"> 0 &#8211; 499 watts <\/span><\/li>\n<\/ul>\n<\/div>\n<h3 class=\"content-heading\">Le poids et les dimensions sont indiqu\u00e9s avec l&#8217;emballage inclus<\/h3>\n<div class=\"spec-box\">\n<ul>\n<li><span class=\"col-md-5\">Poids <small><i>(emballage inclus)<\/i><\/small><\/span> <span class=\"col-md-7\">2,0 kg<\/span><\/li>\n<li><span class=\"col-md-5\">Dimensions <small><i>(emballage inclus)<\/i><\/small><\/span> <span class=\"col-md-7\">34,0 x 19,0 x 18,0 cm<\/span><\/li>\n<li><span class=\"col-md-5\">Volume<\/span> <span class=\"col-md-7\">473,1765 ml<\/span><\/li>\n<\/ul>\n<\/div>\n<div class=\"properties-box\">\n<h3 class=\"content-heading\">Caract\u00e9ristiques<\/h3>\n<ul>\n<li>machine \u00e0 fum\u00e9e Chauvet DJ Hurricane<\/li>\n<li>temps de chauffe d&#8217;environ 2,5 min.<\/li>\n<li>tension d&#8217;entr\u00e9e : 120 VAC, 60 Hz ou 230 V, 50 Hz<\/li>\n<li>puissance et consommation : 471 W, 3,9 A \u00e0 120 V, 60 Hz<\/li>\n<li>471 W, 2,0 A \u00e0 230 V, 50 Hz<\/li>\n<li>poids : 1,8 kg<\/li>\n<li>dimensions : 215 x 180 x 124 mm<\/li>\n<li>respecte la norme CE<\/li>\n<li>capacit\u00e9 du r\u00e9servoir : 0,6 litre<\/li>\n<li>capacit\u00e9 : 1,500 CFM<\/li>\n<li>longueur du c\u00e2ble de la t\u00e9l\u00e9commande : 2\u00a0m<\/li>\n<li>consommation approximative 7,5 ml\/minute<\/li>\n<li>fixation : M8 (3)<\/li>\n<li>inclus :\n<ul>\n<li>Hurricane 700<\/li>\n<li>t\u00e9l\u00e9commande filaire<\/li>\n<li>c\u00e2ble d&#8217;alimentation<\/li>\n<li>carte de garantie<\/li>\n<li>manuel d&#8217;utilisation<\/li>\n<li>liquide \u00e0 fum\u00e9e<\/li>\n<\/ul>\n<\/li>\n<\/ul>\n<\/div>\n<\/div>\n<\/div>\n","protected":false},"excerpt":{"rendered":"<p>L\u00e9g\u00e8re, la machine \u00e0 fum\u00e9e Hurricane 700 de Chauvet DJ d\u00e9bite un brouillard \u00e9pais qui remplit la salle en seulement quelques minutes. En combinaison avec des effets lumineux, elle vous permet d&#8217;apporter une nouvelle dimension \u00e0 votre spectacle. Notez enfin que la Hurricane 700 est livr\u00e9e accompagn\u00e9e d&#8217;une t\u00e9l\u00e9commande filaire et du liquide \u00e0 base d&#8217;eau.<\/p>\n","protected":false},"featured_media":86,"comment_status":"open","ping_status":"closed","template":"","meta":[],"product_cat":[31],"product_tag":[],"class_list":["post-84","product","type-product","status-publish","has-post-thumbnail","hentry","product_cat-machine-a-fumee"],"_links":{"self":[{"href":"https:\/\/locaperche.fr\/index.php\/wp-json\/wp\/v2\/product\/84","targetHints":{"allow":["GET"]}}],"collection":[{"href":"https:\/\/locaperche.fr\/index.php\/wp-json\/wp\/v2\/product"}],"about":[{"href":"https:\/\/locaperche.fr\/index.php\/wp-json\/wp\/v2\/types\/product"}],"replies":[{"embeddable":true,"href":"https:\/\/locaperche.fr\/index.php\/wp-json\/wp\/v2\/comments?post=84"}],"wp:featuredmedia":[{"embeddable":true,"href":"https:\/\/locaperche.fr\/index.php\/wp-json\/wp\/v2\/media\/86"}],"wp:attachment":[{"href":"https:\/\/locaperche.fr\/index.php\/wp-json\/wp\/v2\/media?parent=84"}],"wp:term":[{"taxonomy":"product_cat","embeddable":true,"href":"https:\/\/locaperche.fr\/index.php\/wp-json\/wp\/v2\/product_cat?post=84"},{"taxonomy":"product_tag","embeddable":true,"href":"https:\/\/locaperche.fr\/index.php\/wp-json\/wp\/v2\/product_tag?post=84"}],"curies":[{"name":"wp","href":"https:\/\/api.w.org\/{rel}","templated":true}]}}