{"id":828,"date":"2024-10-21T18:15:02","date_gmt":"2024-10-21T16:15:02","guid":{"rendered":"http:\/\/locaperche.fr\/?post_type=product&#038;p=828"},"modified":"2025-03-09T01:10:50","modified_gmt":"2025-03-09T00:10:50","slug":"chauvet-lx10","status":"publish","type":"product","link":"https:\/\/locaperche.fr\/index.php\/produit\/chauvet-lx10\/","title":{"rendered":"CHAUVET LX10"},"content":{"rendered":"<section id=\"highlights\" class=\"section std box\">\n<div class=\"content with_imgs\">\n<ul class=\"list fontface\">\n<li>canner \u00e0 LED pr\u00eat \u00e0 l&#8217;emploi permettant de projeter un effet moonflower ludique dans une pi\u00e8ce<\/li>\n<li>\u00c9clairage l\u00e9ger pour un effet anim\u00e9 saisissant avec ou sans fum\u00e9e<\/li>\n<li>Offre une couverture \u00e0 180\u00b0 de la pi\u00e8ce<\/li>\n<li>Comprend des programmes automatiques et \u00e0 d\u00e9clenchement audio int\u00e9gr\u00e9s<\/li>\n<li>\u00c9conomie de temps sur l&#8217;installation de c\u00e2bles et de rallonges gr\u00e2ce au raccordement \u00e9lectrique de plusieurs unit\u00e9s<\/li>\n<li>Rangement optimal dans le sac de transport de mat\u00e9riel CHS-40 VIP<\/li>\n<\/ul>\n<\/div>\n<\/section>\n<section id=\"specifications\" class=\"section std box\">\n<header class=\"header title box\">\n<h2 class=\"fontface\">Caract\u00e9ristiques techniques<\/h2>\n<\/header>\n<div class=\"specs box\">\n<ul class=\"list fontface\">\n<li><span class=\"fontface bold\">Pan et tilt:<\/span>180\u00b0\/0\u00b0<\/li>\n<li><span class=\"fontface bold\">Source lumineuse:<\/span> 57 LED (16 rouges, 16 bleues, 24 vertes) 0,25 W (20 mA), 100 000 heures d&#8217;esp\u00e9rance de vie<\/li>\n<li><span class=\"fontface bold\">Angle de couverture:<\/span>180\u00b0<\/li>\n<li><span class=\"fontface bold\">Raccordement \u00e9lectrique:<\/span>8 unit\u00e9s \u00e0 120 V<\/li>\n<li><span class=\"fontface bold\">Tension d&#8217;entr\u00e9e:<\/span>120 VAC, 60 Hz<\/li>\n<li><span class=\"fontface bold\">Puissance et intensit\u00e9:<\/span> 5 W, 0,9 A \u00e0 120 V, 60 Hz<\/li>\n<li><span class=\"fontface bold\">Poids:<\/span>1,6 kg (3,4 livres)<\/li>\n<li><span class=\"fontface bold\">Dimensions:<\/span>130 x 193 x 379 mm (5,1 x 7,6 x 14,9 po)<\/li>\n<li><span class=\"fontface bold\">Homologations:<\/span>CE<\/li>\n<\/ul>\n<\/div>\n<\/section>\n","protected":false},"excerpt":{"rendered":"<p>canner \u00e0 LED pr\u00eat \u00e0 l&#8217;emploi permettant de projeter un effet moonflower ludique dans une pi\u00e8ce \u00c9clairage l\u00e9ger pour un effet anim\u00e9 saisissant avec ou sans fum\u00e9e Offre une couverture \u00e0 180\u00b0 de la pi\u00e8ce Comprend des programmes automatiques et \u00e0 d\u00e9clenchement audio int\u00e9gr\u00e9s \u00c9conomie de temps sur l&#8217;installation de c\u00e2bles et de rallonges gr\u00e2ce [&hellip;]<\/p>\n","protected":false},"featured_media":830,"comment_status":"open","ping_status":"closed","template":"","meta":[],"product_cat":[17],"product_tag":[],"class_list":["post-828","product","type-product","status-publish","has-post-thumbnail","hentry","product_cat-lyre-et-scan"],"_links":{"self":[{"href":"https:\/\/locaperche.fr\/index.php\/wp-json\/wp\/v2\/product\/828","targetHints":{"allow":["GET"]}}],"collection":[{"href":"https:\/\/locaperche.fr\/index.php\/wp-json\/wp\/v2\/product"}],"about":[{"href":"https:\/\/locaperche.fr\/index.php\/wp-json\/wp\/v2\/types\/product"}],"replies":[{"embeddable":true,"href":"https:\/\/locaperche.fr\/index.php\/wp-json\/wp\/v2\/comments?post=828"}],"wp:featuredmedia":[{"embeddable":true,"href":"https:\/\/locaperche.fr\/index.php\/wp-json\/wp\/v2\/media\/830"}],"wp:attachment":[{"href":"https:\/\/locaperche.fr\/index.php\/wp-json\/wp\/v2\/media?parent=828"}],"wp:term":[{"taxonomy":"product_cat","embeddable":true,"href":"https:\/\/locaperche.fr\/index.php\/wp-json\/wp\/v2\/product_cat?post=828"},{"taxonomy":"product_tag","embeddable":true,"href":"https:\/\/locaperche.fr\/index.php\/wp-json\/wp\/v2\/product_tag?post=828"}],"curies":[{"name":"wp","href":"https:\/\/api.w.org\/{rel}","templated":true}]}}