{"id":824,"date":"2024-10-21T17:58:22","date_gmt":"2024-10-21T15:58:22","guid":{"rendered":"http:\/\/locaperche.fr\/?post_type=product&#038;p=824"},"modified":"2025-03-12T01:15:01","modified_gmt":"2025-03-12T00:15:01","slug":"showtec-pinball-led","status":"publish","type":"product","link":"https:\/\/locaperche.fr\/index.php\/produit\/showtec-pinball-led\/","title":{"rendered":"SHOWTEC PINBALL LED"},"content":{"rendered":"<p><span class=\"db mt20 grid-100\">Le Pinball est un effet lumineux du type Mushroom qui cr\u00e9e de divers rayons rotatifs dans la salle, ce qui donne un effet spatial et riche en couleurs. Le tout peut \u00eatre accentu\u00e9 un peu plus au moyen de fum\u00e9e, qui rend visible les rayons.<\/span><\/p>\n<p>Comme presque tous les effets lumineux qui sont con\u00e7us ces derniers temps, le Pinball dispose aussi d\u2019une source de lumi\u00e8re \u00e0 LED. Ce n\u2019est pas la premi\u00e8re source, mais une module LED de 9 Watt RGB. Gr\u00e2ce \u00e0 cette module vous pouvez cr\u00e9er des m\u00e9langes de couleurs diff\u00e9rents, ce qui donne un accent riche en couleurs \u00e0 votre spectacle lumineux. De plus, l\u2019effet est contr\u00f4l\u00e9 par la musique, donc vous activez l\u2019appareil et vous n\u2019aurez plus besoin de vous en occuper. Quand l\u2019appareil n\u2019aper\u00e7oit aucun son pendant 10 secondes, l\u2019effet est d\u00e9sactiv\u00e9 automatiquement.<\/p>\n","protected":false},"excerpt":{"rendered":"<p>Le Pinball est un effet lumineux du type Mushroom qui cr\u00e9e de divers rayons rotatifs dans la salle, ce qui donne un effet spatial et riche en couleurs. Le tout peut \u00eatre accentu\u00e9 un peu plus au moyen de fum\u00e9e, qui rend visible les rayons. Comme presque tous les effets lumineux qui sont con\u00e7us ces [&hellip;]<\/p>\n","protected":false},"featured_media":1189,"comment_status":"open","ping_status":"closed","template":"","meta":[],"product_cat":[58],"product_tag":[],"class_list":["post-824","product","type-product","status-publish","has-post-thumbnail","hentry","product_cat-mushroom"],"_links":{"self":[{"href":"https:\/\/locaperche.fr\/index.php\/wp-json\/wp\/v2\/product\/824","targetHints":{"allow":["GET"]}}],"collection":[{"href":"https:\/\/locaperche.fr\/index.php\/wp-json\/wp\/v2\/product"}],"about":[{"href":"https:\/\/locaperche.fr\/index.php\/wp-json\/wp\/v2\/types\/product"}],"replies":[{"embeddable":true,"href":"https:\/\/locaperche.fr\/index.php\/wp-json\/wp\/v2\/comments?post=824"}],"wp:featuredmedia":[{"embeddable":true,"href":"https:\/\/locaperche.fr\/index.php\/wp-json\/wp\/v2\/media\/1189"}],"wp:attachment":[{"href":"https:\/\/locaperche.fr\/index.php\/wp-json\/wp\/v2\/media?parent=824"}],"wp:term":[{"taxonomy":"product_cat","embeddable":true,"href":"https:\/\/locaperche.fr\/index.php\/wp-json\/wp\/v2\/product_cat?post=824"},{"taxonomy":"product_tag","embeddable":true,"href":"https:\/\/locaperche.fr\/index.php\/wp-json\/wp\/v2\/product_tag?post=824"}],"curies":[{"name":"wp","href":"https:\/\/api.w.org\/{rel}","templated":true}]}}