{"id":370,"date":"2023-08-15T18:22:36","date_gmt":"2023-08-15T16:22:36","guid":{"rendered":"http:\/\/locaperche.fr\/?post_type=product&#038;p=370"},"modified":"2023-08-15T18:22:36","modified_gmt":"2023-08-15T16:22:36","slug":"convertiseur-vga-dvi-dp-hdmi","status":"publish","type":"product","link":"https:\/\/locaperche.fr\/index.php\/produit\/convertiseur-vga-dvi-dp-hdmi\/","title":{"rendered":"CONVERTISEUR VGA DVI DP HDMI"},"content":{"rendered":"<p>&nbsp;<\/p>\n<p>D\u00e9bit Max. de Donn\u00e9es \u2014 6.75Gbps (2.25Gbps par canal graphique).<\/p>\n<p>Compatible HDTV.<\/p>\n<p>Conforme HDCP. \u2014 Fonctionne avec les sources qui prennent en charge le mode r\u00e9p\u00e9teur HDCP.<\/p>\n<p>Support HDMI \u2014 Deep Color, x.v.Color\u2122 et 3D.<\/p>\n<p>I\u2013EDIDPro\u2122 Kramer Intelligent EDID Processing\u2122 \u2014 Le produit est capable de lire, sauvegarder et restituer les informations EDID de chacune des entr\u00e9es pour les pr\u00e9senter \u00e0 la source afin d\u2019assurer la diffusion dans le bon format. Il est aussi capable de g\u00e9n\u00e9rer un EDID par d\u00e9faut.<\/p>\n<p>Egalisation &amp; re\u2013Klocking\u2122 des donn\u00e9es<\/p>\n<p>S\u00e9lection Automatique de l&#8217;entr\u00e9e \u2014 Based on video clock presence.<\/p>\n<p>S\u00e9lection Automatique de l&#8217;entr\u00e9e \u2014 S\u00e9lection manuelle ou derni\u00e8re entr\u00e9e connect\u00e9e.<\/p>\n<p>D\u00e9tection et Embeddage Audio Analogique Automatique.<\/p>\n<p>D\u00e9sembeddage Audio Sym\u00e9trique Local.<\/p>\n<p>Support pour les Formats Audio Num\u00e9riques.<\/p>\n<p>EDID verrouillable.<\/p>\n<p>S\u00e9lection Step\u2013In Locale \u2014 Bouton &amp; contacts secs.<\/p>\n<p>Support Fonctionnalit\u00e9 Step\u2013in Programmable \u2014 XXXXXXXXXXXXXXXXXXX, lorsque utilis\u00e9 avec des commutateurs compatibles tels que le VS\u201362H.<\/p>\n<p>Alimentation \u2014 N\u00e9cessite une alimentation ind\u00e9pendante.<\/p>\n","protected":false},"excerpt":{"rendered":"<div class=\"block-content\">\n<div class=\"product-description typo\">\n<p>Le SID\u2212X3N est un s\u00e9lecteur step\u2212in pour signaux VGA, HDMI, DVI, DisplayPort et audio st\u00e9r\u00e9o asym\u00e9trique. Le produit poss\u00e8de un bouton &#8216;Step\u2212in&#8217; qui permet \u00e0 la source locale d&#8217;\u00eatre achemin\u00e9e en tant que source active lorsque connect\u00e9e au VS\u221262H. Le SID\u2212X3N poss\u00e8de la fonction d\u00e9tection et embeddage audio analogique automatique.<\/p>\n<\/div>\n<\/div>\n","protected":false},"featured_media":371,"comment_status":"open","ping_status":"closed","template":"","meta":[],"product_cat":[33],"product_tag":[],"class_list":["post-370","product","type-product","status-publish","has-post-thumbnail","hentry","product_cat-ecran-affichage"],"_links":{"self":[{"href":"https:\/\/locaperche.fr\/index.php\/wp-json\/wp\/v2\/product\/370","targetHints":{"allow":["GET"]}}],"collection":[{"href":"https:\/\/locaperche.fr\/index.php\/wp-json\/wp\/v2\/product"}],"about":[{"href":"https:\/\/locaperche.fr\/index.php\/wp-json\/wp\/v2\/types\/product"}],"replies":[{"embeddable":true,"href":"https:\/\/locaperche.fr\/index.php\/wp-json\/wp\/v2\/comments?post=370"}],"wp:featuredmedia":[{"embeddable":true,"href":"https:\/\/locaperche.fr\/index.php\/wp-json\/wp\/v2\/media\/371"}],"wp:attachment":[{"href":"https:\/\/locaperche.fr\/index.php\/wp-json\/wp\/v2\/media?parent=370"}],"wp:term":[{"taxonomy":"product_cat","embeddable":true,"href":"https:\/\/locaperche.fr\/index.php\/wp-json\/wp\/v2\/product_cat?post=370"},{"taxonomy":"product_tag","embeddable":true,"href":"https:\/\/locaperche.fr\/index.php\/wp-json\/wp\/v2\/product_tag?post=370"}],"curies":[{"name":"wp","href":"https:\/\/api.w.org\/{rel}","templated":true}]}}