{"id":36,"date":"2023-08-12T20:51:58","date_gmt":"2023-08-12T18:51:58","guid":{"rendered":"http:\/\/locaperche.fr\/?post_type=product&#038;p=36"},"modified":"2025-03-09T01:27:02","modified_gmt":"2025-03-09T00:27:02","slug":"eurolight-lc2412","status":"publish","type":"product","link":"https:\/\/locaperche.fr\/index.php\/produit\/eurolight-lc2412\/","title":{"rendered":"CONSOLE DMX 24 CANAUX"},"content":{"rendered":"<div class=\"module module-5 col-xsp-12 col-xlg-6\">\n<div class=\"col-xsp-12\">\n<div class=\"contentText\">\n<h3>Behringer LC 2412 Eurolight Caract\u00e9ristiques :<\/h3>\n<ul>\n<li>24 canaux pr\u00e9r\u00e9gl\u00e9s, assignables \u00e0 512 canaux DMX<\/li>\n<li>Jusqu&#8217;\u00e0 3 canaux DMX peuvent \u00eatre contr\u00f4l\u00e9s par canal pr\u00e9r\u00e9gl\u00e9.<\/li>\n<li>120 emplacements peuvent \u00eatre stock\u00e9s dans 10 bancs.<\/li>\n<li>Commande de chenillard avec un total de 650 pas, synchronisable avec le rythme des basses.<\/li>\n<li>Commande de l&#8217;\u00e9clairage en fonction de la fr\u00e9quence via un signal musical (fonction&#8221;Sound-to-Light&#8221;)<\/li>\n<li>Le temps de fondu encha\u00een\u00e9 est librement r\u00e9glable et permet des transitions extr\u00eamement fluides entre les diff\u00e9rentes sc\u00e8nes.<\/li>\n<li>2 canaux sp\u00e9ciaux avec fonctions de commutation programmables pour les effets (par ex. machine \u00e0 fum\u00e9e, changeur de couleurs)<\/li>\n<li>Fonctions de fade-out et fade-over manuelles et automatiques extr\u00eamement flexibles.<\/li>\n<li>Fonctions intuitives de flash solo et de canal.<\/li>\n<li>Fonction de pr\u00e9visualisation pour l&#8217;\u00e9dition discr\u00e8te et la v\u00e9rification des m\u00e9moires et des chenillards pendant un \u00e9v\u00e9nement en direct.<\/li>\n<li>Commande du gradateur par DMX ou borne analogique (0\/+10 V)<\/li>\n<li>Interface MIDI, par exemple pour la mise en cascade de deux LC2412 (fonctionnement ma\u00eetre\/esclave).<\/li>\n<li>Fente pour carte PCMCIA pour le stockage de 25 jeux de donn\u00e9es complets (carte PCMCIA non incluse)<\/li>\n<li>El\u00e9ments d&#8217;affichage et de commande \u00e9clair\u00e9s et prise BNC pour une utilisation ais\u00e9e dans l&#8217;obscurit\u00e9.<\/li>\n<li>Le bo\u00eetier en acier robuste garantit une fiabilit\u00e9 exceptionnelle, m\u00eame dans les conditions les plus difficiles.<\/li>\n<li>Kit de montage en rack pour une installation dans des baies 19&#8243; est inclus dans la livraison.<\/li>\n<li>Sortie DMX via une prise XLR \u00e0 5 broches<\/li>\n<\/ul>\n<\/div>\n<\/div>\n<\/div>\n","protected":false},"excerpt":{"rendered":"<p>Le Behringer Eurolight LC2412 est un contr\u00f4leur DMX professionnel compact \u00e0 24 canaux avec 24 canaux pr\u00e9r\u00e9gl\u00e9s qui peuvent \u00eatre achemin\u00e9s jusqu&#8217;\u00e0 512 canaux DMX. Jusqu&#8217;\u00e0 120 sc\u00e8nes peuvent \u00eatre stock\u00e9es dans 10 banques. De plus, une fonction de chenillard int\u00e9gr\u00e9e avec jusqu&#8217;\u00e0 600 pas est disponible, qui dispose d&#8217;une commande musicale \u00e9labor\u00e9e qui permet \u00e9galement la synchronisation sur les temps et la commande de la musique en fonction de la fr\u00e9quence.<\/p>\n","protected":false},"featured_media":39,"comment_status":"open","ping_status":"closed","template":"","meta":[],"product_cat":[23],"product_tag":[],"class_list":["post-36","product","type-product","status-publish","has-post-thumbnail","hentry","product_cat-console-de-controle-dmx"],"_links":{"self":[{"href":"https:\/\/locaperche.fr\/index.php\/wp-json\/wp\/v2\/product\/36","targetHints":{"allow":["GET"]}}],"collection":[{"href":"https:\/\/locaperche.fr\/index.php\/wp-json\/wp\/v2\/product"}],"about":[{"href":"https:\/\/locaperche.fr\/index.php\/wp-json\/wp\/v2\/types\/product"}],"replies":[{"embeddable":true,"href":"https:\/\/locaperche.fr\/index.php\/wp-json\/wp\/v2\/comments?post=36"}],"wp:featuredmedia":[{"embeddable":true,"href":"https:\/\/locaperche.fr\/index.php\/wp-json\/wp\/v2\/media\/39"}],"wp:attachment":[{"href":"https:\/\/locaperche.fr\/index.php\/wp-json\/wp\/v2\/media?parent=36"}],"wp:term":[{"taxonomy":"product_cat","embeddable":true,"href":"https:\/\/locaperche.fr\/index.php\/wp-json\/wp\/v2\/product_cat?post=36"},{"taxonomy":"product_tag","embeddable":true,"href":"https:\/\/locaperche.fr\/index.php\/wp-json\/wp\/v2\/product_tag?post=36"}],"curies":[{"name":"wp","href":"https:\/\/api.w.org\/{rel}","templated":true}]}}