{"id":290,"date":"2023-08-14T11:37:10","date_gmt":"2023-08-14T09:37:10","guid":{"rendered":"http:\/\/locaperche.fr\/?post_type=product&#038;p=290"},"modified":"2025-03-09T18:03:04","modified_gmt":"2025-03-09T17:03:04","slug":"party-sm400","status":"publish","type":"product","link":"https:\/\/locaperche.fr\/index.php\/produit\/party-sm400\/","title":{"rendered":"MACHINE A FUMEE 400W"},"content":{"rendered":"<p>CARACT\u00c9RISTIQUES TECHNIQUES:<\/p>\n<p>Puissance: 400W<br \/>\nVolume de fum\u00e9e: 14m3 \/ min<br \/>\nTemps de chauffe: 8 minutes<br \/>\nCapacit\u00e9 du r\u00e9servoir: 0,3 litre<br \/>\nDistance de projection: 3,5m<br \/>\nAlimentation: 220-240V AC-50\/60 Hz<br \/>\nFusible: 250V 10A<br \/>\nDimensions: 230 x 110 x 110 mm<br \/>\nPoids : 1650 gr<\/p>\n","protected":false},"excerpt":{"rendered":"<div id=\"tabs-1\" class=\"ui-tabs-panel active\">\n<div class=\"content-desc-details\">\n<div class=\"col-left\">\n<div class=\"desc-content\">\n<h3 class=\"costum-list-style\">Description du produit<\/h3>\n<p class=\"normal\">\n<p>Cette machine \u00e0 fum\u00e9e est discr\u00e8te mais efficace pour des petites salles. Elle mettra en valeur les rayons des jeux de lumi\u00e8re. Elle est livr\u00e9e avec une t\u00e9l\u00e9commande filaire et 1 litre de liquide pour une utilisation imm\u00e9diate.<\/p>\n<\/div>\n<\/div>\n<\/div>\n<\/div>\n","protected":false},"featured_media":291,"comment_status":"open","ping_status":"closed","template":"","meta":[],"product_cat":[31],"product_tag":[],"class_list":["post-290","product","type-product","status-publish","has-post-thumbnail","hentry","product_cat-machine-a-fumee"],"_links":{"self":[{"href":"https:\/\/locaperche.fr\/index.php\/wp-json\/wp\/v2\/product\/290","targetHints":{"allow":["GET"]}}],"collection":[{"href":"https:\/\/locaperche.fr\/index.php\/wp-json\/wp\/v2\/product"}],"about":[{"href":"https:\/\/locaperche.fr\/index.php\/wp-json\/wp\/v2\/types\/product"}],"replies":[{"embeddable":true,"href":"https:\/\/locaperche.fr\/index.php\/wp-json\/wp\/v2\/comments?post=290"}],"wp:featuredmedia":[{"embeddable":true,"href":"https:\/\/locaperche.fr\/index.php\/wp-json\/wp\/v2\/media\/291"}],"wp:attachment":[{"href":"https:\/\/locaperche.fr\/index.php\/wp-json\/wp\/v2\/media?parent=290"}],"wp:term":[{"taxonomy":"product_cat","embeddable":true,"href":"https:\/\/locaperche.fr\/index.php\/wp-json\/wp\/v2\/product_cat?post=290"},{"taxonomy":"product_tag","embeddable":true,"href":"https:\/\/locaperche.fr\/index.php\/wp-json\/wp\/v2\/product_tag?post=290"}],"curies":[{"name":"wp","href":"https:\/\/api.w.org\/{rel}","templated":true}]}}