{"id":29,"date":"2023-08-12T20:48:14","date_gmt":"2023-08-12T18:48:14","guid":{"rendered":"http:\/\/locaperche.fr\/?post_type=product&#038;p=29"},"modified":"2024-10-24T00:56:47","modified_gmt":"2024-10-23T22:56:47","slug":"eurolite-fe1750","status":"publish","type":"product","link":"https:\/\/locaperche.fr\/index.php\/produit\/eurolite-fe1750\/","title":{"rendered":"EUROLITE FE1750"},"content":{"rendered":"<p>Spot \u00e0 effet LED 4en1 avec derby, washlight, laser (2M) et strobe<\/p>\n<ul>\n<li>Derby rotatif pour effets de boule \u00e0 facettes avec 6 LED haute puissance 3 W RGBAW+UV (6in1)<\/li>\n<li>8 LED haute puissance de 4 W RGB+UV (4in1) pour les effets de lampe \u00e0 laver et de lampe noire.<\/li>\n<li>2 diodes laser pour des effets laser en \u00e9toile rouge et verte<\/li>\n<li>Classe de laser 2M : ne n\u00e9cessite pas de mesures de protection suppl\u00e9mentaires ni la nomination d&#8217;un responsable de la s\u00e9curit\u00e9 laser.<\/li>\n<li>Anneau stroboscopique avec 12 LED SMD blanc froid de 0,5 W pour des effets stroboscopiques rapides et dynamiques.<\/li>\n<li>Tous les effets peuvent \u00eatre contr\u00f4l\u00e9s individuellement<\/li>\n<li>Fonctionnement silencieux<\/li>\n<li>7 programmes d&#8217;\u00e9missions automatiques et musicales int\u00e9gr\u00e9s<\/li>\n<li>M\u00e9lange de couleurs en continu, gradateur et effet stroboscopique.<\/li>\n<li>Adressage et r\u00e9glage via le panneau de commande avec affichage LED \u00e0 4 chiffres<\/li>\n<li>Contr\u00f4le sans fil pratique gr\u00e2ce \u00e0 la t\u00e9l\u00e9commande infrarouge EUROLITE IR-7 incluse.<\/li>\n<li>Compatible avec QuickDMX &#8211; le syst\u00e8me DMX sans fil d&#8217;Eurolite.<\/li>\n<li>Port USB int\u00e9gr\u00e9 aliment\u00e9 en fant\u00f4me pour les r\u00e9cepteurs QuickDMX (accessoires)<\/li>\n<li>Support de montage pivotant<\/li>\n<li>Bornes IEC pour relier jusqu&#8217;\u00e0 8 unit\u00e9s<\/li>\n<li>Alimentation \u00e0 d\u00e9coupage pour un fonctionnement entre 100 et 240 volts<\/li>\n<li>LED : Effet stroboscopique 12 x SMD 0,5 W CW<\/li>\n<li>LED : Effet multi-faisceau 6 x haute puissance 3 W 6in1 HCL RGBWA\/UV<\/li>\n<li>LED : Effet UV 8 x haute puissance 4 W 4in1 QCL RGB\/UV (m\u00e9lange de couleurs homog\u00e8ne)<\/li>\n<li>Peut \u00eatre utilis\u00e9 en mode 4 ; 13 CH<\/li>\n<li>L&#8217;appareil est refroidi par un ventilateur de refroidissement<\/li>\n<li>Contr\u00f4le par autonome ; DMX ; t\u00e9l\u00e9commande IR ; son \u00e0 la lumi\u00e8re via un microphone.<\/li>\n<li>Est dans le logiciel EUROLITE LED PC-Control 512 ; EASY SHOW d\u00e9j\u00e0 pr\u00e9programm\u00e9<\/li>\n<li>Effet : Effet multifaisceau, effet fleur, effet stroboscopique, effet UV, laser.<\/li>\n<\/ul>\n","protected":false},"excerpt":{"rendered":"<p>Spot \u00e0 effet LED 4en1 avec derby, washlight, laser (2M) et strobe<\/p>\n<ul>\n<li>Derby rotatif pour effets de boule \u00e0 facettes avec 6 LED haute puissance 3 W RGBAW+UV (6in1)<\/li>\n<li>8 LED haute puissance de 4 W RGB+UV (4in1) pour les effets de lampe \u00e0 laver et de lampe noire.<\/li>\n<li>2 diodes laser pour des effets laser en \u00e9toile rouge et verte<\/li>\n<li>Classe de laser 2M : ne n\u00e9cessite pas de mesures de protection suppl\u00e9mentaires ni la nomination d&#8217;un responsable de la s\u00e9curit\u00e9 laser.<\/li>\n<li>Anneau stroboscopique avec 12 LED SMD blanc froid de 0,5 W pour des effets stroboscopiques rapides et dynamiques.<\/li>\n<li>Tous les effets peuvent \u00eatre contr\u00f4l\u00e9s individuellement<\/li>\n<li>Fonctionnement silencieux<\/li>\n<li>7 programmes d&#8217;\u00e9missions automatiques et musicales int\u00e9gr\u00e9s<\/li>\n<li>M\u00e9lange de couleurs en continu, gradateur et effet stroboscopique.<\/li>\n<li>Adressage et r\u00e9glage via le panneau de commande avec affichage LED \u00e0 4 chiffres<\/li>\n<li>Contr\u00f4le sans fil pratique gr\u00e2ce \u00e0 la t\u00e9l\u00e9commande infrarouge EUROLITE IR-7 incluse.<\/li>\n<li>Compatible avec QuickDMX &#8211; le syst\u00e8me DMX sans fil d&#8217;Eurolite.<\/li>\n<li>Port USB int\u00e9gr\u00e9 aliment\u00e9 en fant\u00f4me pour les r\u00e9cepteurs QuickDMX (accessoires)<\/li>\n<li>Support de montage pivotant<\/li>\n<li>Bornes IEC pour relier jusqu&#8217;\u00e0 8 unit\u00e9s<\/li>\n<li>Alimentation \u00e0 d\u00e9coupage pour un fonctionnement entre 100 et 240 volts<\/li>\n<li>LED : Effet stroboscopique 12 x SMD 0,5 W CW<\/li>\n<li>LED : Effet multi-faisceau 6 x haute puissance 3 W 6in1 HCL RGBWA\/UV<\/li>\n<li>LED : Effet UV 8 x haute puissance 4 W 4in1 QCL RGB\/UV (m\u00e9lange de couleurs homog\u00e8ne)<\/li>\n<li>Peut \u00eatre utilis\u00e9 en mode 4 ; 13 CH<\/li>\n<li>L&#8217;appareil est refroidi par un ventilateur de refroidissement<\/li>\n<li>Contr\u00f4le par autonome ; DMX ; t\u00e9l\u00e9commande IR ; son \u00e0 la lumi\u00e8re via un microphone.<\/li>\n<li>Est dans le logiciel EUROLITE LED PC-Control 512 ; EASY SHOW d\u00e9j\u00e0 pr\u00e9programm\u00e9<\/li>\n<li>Effet : Effet multifaisceau, effet fleur, effet stroboscopique, effet UV, laser.<\/li>\n<\/ul>\n","protected":false},"featured_media":42,"comment_status":"open","ping_status":"closed","template":"","meta":[],"product_cat":[46],"product_tag":[],"class_list":["post-29","product","type-product","status-publish","has-post-thumbnail","hentry","product_cat-multi-effets"],"_links":{"self":[{"href":"https:\/\/locaperche.fr\/index.php\/wp-json\/wp\/v2\/product\/29","targetHints":{"allow":["GET"]}}],"collection":[{"href":"https:\/\/locaperche.fr\/index.php\/wp-json\/wp\/v2\/product"}],"about":[{"href":"https:\/\/locaperche.fr\/index.php\/wp-json\/wp\/v2\/types\/product"}],"replies":[{"embeddable":true,"href":"https:\/\/locaperche.fr\/index.php\/wp-json\/wp\/v2\/comments?post=29"}],"wp:featuredmedia":[{"embeddable":true,"href":"https:\/\/locaperche.fr\/index.php\/wp-json\/wp\/v2\/media\/42"}],"wp:attachment":[{"href":"https:\/\/locaperche.fr\/index.php\/wp-json\/wp\/v2\/media?parent=29"}],"wp:term":[{"taxonomy":"product_cat","embeddable":true,"href":"https:\/\/locaperche.fr\/index.php\/wp-json\/wp\/v2\/product_cat?post=29"},{"taxonomy":"product_tag","embeddable":true,"href":"https:\/\/locaperche.fr\/index.php\/wp-json\/wp\/v2\/product_tag?post=29"}],"curies":[{"name":"wp","href":"https:\/\/api.w.org\/{rel}","templated":true}]}}