{"id":278,"date":"2023-08-13T21:58:41","date_gmt":"2023-08-13T19:58:41","guid":{"rendered":"http:\/\/locaperche.fr\/?post_type=product&#038;p=278"},"modified":"2025-03-12T01:25:12","modified_gmt":"2025-03-12T00:25:12","slug":"lyre-10w-rgbw","status":"publish","type":"product","link":"https:\/\/locaperche.fr\/index.php\/produit\/lyre-10w-rgbw\/","title":{"rendered":"LYRE WASH"},"content":{"rendered":"<div class=\"product-section\">\n<div class=\"row\">\n<div class=\"large-2 col pb-0 mb-0\">\n<h5 class=\"uppercase mt\">Description<\/h5>\n<\/div>\n<div class=\"large-10 col pb-0 mb-0\">\n<div class=\"panel entry-content\">\n<ul>\n<li><strong>Projecteur Lyre HeadBanger 10 \u00e9quip\u00e9 de 7 LED R\/G\/B\/W (4 en 1) de 10W<\/strong><\/li>\n<li>Intensit\u00e9 lumineuse : 6100 lux \u00e0 1 m\u00e8tre<\/li>\n<li>Angle de diffusion : 25\u00b0<\/li>\n<li><strong>Mode de contr\u00f4le : DMX-512, 7 ou 12 canaux, ma\u00eetre-esclave, automatique, contr\u00f4le sonore<\/strong><\/li>\n<li>Mouvement : Pan (maximum 540\u00b0), tilt (maximum 270\u00b0)<\/li>\n<li>Fonctions :\u00a0<strong>Variateur de lumi\u00e8re, stroboscope (0 \u2013 10Hz), automatique, changement de couleur R\/G\/B\/W,<\/strong>\u00a0<strong>Mode Musique, macros de couleurs, contr\u00f4le musique (microphone \u00e0 sensibilit\u00e9 r\u00e9glable int\u00e9gr\u00e9), configuration manuelle, ma\u00eetre-esclave\u00a0<\/strong><\/li>\n<li>Ecran 4 chiffres<\/li>\n<li>Armature : M\u00e9tal<\/li>\n<li>Fixation : Socle carr\u00e9, \u00e9trier, pour fixer la Lyre sur une barre de fixation<\/li>\n<li>Entr\u00e9e et sortie : XLR 3 broches (m\u00e2le), DMX 3 broches (m\u00e2le), DMX 3 broches (femelle)<\/li>\n<li>Refroidissement par ventilateur Delta Electronics peu bruyant<\/li>\n<li>Utilisation de pr\u00e9f\u00e9rence en int\u00e9rieur<\/li>\n<li>Consommation \u00e9lectrique : 80w<\/li>\n<li>Dimensions : 270 X 260 X 230mm<\/li>\n<li>Poids : 2,75Kg<\/li>\n<li><strong>Garantie : 3 ans, \u00e9change standard imm\u00e9diat en cas panne s\u00e9rieuse<\/strong><\/li>\n<\/ul>\n<p>On trouve aujourd\u2019hui sur le march\u00e9 des lyres dont la source lumineuse est principalement<strong> une ou plusieurs LED.<\/strong> C\u2019est un projecteur dit<strong> \u201cautomatique\u201d ou \u201crobotis\u00e9\u201d<\/strong> qui fonctionne sur 2 axes appel\u00e9s \u201cPan\u201d et \u201cTilt\u201d .<\/p>\n<p>La palette de couleur r\u00e9alisable par cette Lyre est tr\u00e8s importante et est obtenue par le m\u00e9lange des couleurs de LED R\/G\/B\/W \u2026<\/p>\n<p>L\u2019arriv\u00e9e des sources LED dans le domaine de l\u2019animation a permis aux fabricants de r\u00e9duire la taille des projecteurs Lyres. <strong>Elles sont facilement transportables<\/strong> et conviennent parfaitement aux groupes de musique ou DJ. <em>D\u2019autre part, les LED chauffent moins, et les besoins en ventilation sont moins importants<\/em>, ce qui permet r\u00e9ellement de les miniaturiser. Ces Lyres offrent de nombreux avantages en utilisation mobile, notamment l\u2019utilisation dans des salles bas de plafond par exemple \u2026 .<\/p>\n<\/div>\n<\/div>\n<\/div>\n<\/div>\n","protected":false},"excerpt":{"rendered":"<p>Equip\u00e9s de sources LED puissantes RGWB, vous serez surpris par le rapport Taille\/puissance de ces produits. Ces Lyres sont id\u00e9ales en \u00e9clairage d\u2019animation, de clubs, Eglises, spectacle et t\u00e9l\u00e9vision \u2026 . Plusieurs mod\u00e8les sont \u00e0 votre disposition \u2026 . Tous les budgets s\u2019y retrouvent \u2026<\/p>\n","protected":false},"featured_media":279,"comment_status":"open","ping_status":"closed","template":"","meta":[],"product_cat":[56],"product_tag":[],"class_list":["post-278","product","type-product","status-publish","has-post-thumbnail","hentry","product_cat-lyres"],"_links":{"self":[{"href":"https:\/\/locaperche.fr\/index.php\/wp-json\/wp\/v2\/product\/278","targetHints":{"allow":["GET"]}}],"collection":[{"href":"https:\/\/locaperche.fr\/index.php\/wp-json\/wp\/v2\/product"}],"about":[{"href":"https:\/\/locaperche.fr\/index.php\/wp-json\/wp\/v2\/types\/product"}],"replies":[{"embeddable":true,"href":"https:\/\/locaperche.fr\/index.php\/wp-json\/wp\/v2\/comments?post=278"}],"wp:featuredmedia":[{"embeddable":true,"href":"https:\/\/locaperche.fr\/index.php\/wp-json\/wp\/v2\/media\/279"}],"wp:attachment":[{"href":"https:\/\/locaperche.fr\/index.php\/wp-json\/wp\/v2\/media?parent=278"}],"wp:term":[{"taxonomy":"product_cat","embeddable":true,"href":"https:\/\/locaperche.fr\/index.php\/wp-json\/wp\/v2\/product_cat?post=278"},{"taxonomy":"product_tag","embeddable":true,"href":"https:\/\/locaperche.fr\/index.php\/wp-json\/wp\/v2\/product_tag?post=278"}],"curies":[{"name":"wp","href":"https:\/\/api.w.org\/{rel}","templated":true}]}}