{"id":1136,"date":"2025-03-08T11:08:08","date_gmt":"2025-03-08T10:08:08","guid":{"rendered":"http:\/\/locaperche.fr\/?post_type=product&#038;p=1136"},"modified":"2025-03-09T18:04:49","modified_gmt":"2025-03-09T17:04:49","slug":"denon-dn-hd2500","status":"publish","type":"product","link":"https:\/\/locaperche.fr\/index.php\/produit\/denon-dn-hd2500\/","title":{"rendered":"DENON DN-HD2500"},"content":{"rendered":"<p>Lecteur de disque dur interne 40GBLe disque dur int\u00e9gr\u00e9 40GB est suffisamment important pour stocker des centaines de chansons parmi les plus demand\u00e9es, permettant au DN-HD2500 d&#8217;\u00eatre utilis\u00e9 comme un syst\u00e8me compact principal, &#8220;pr\u00eat \u00e0 fonctionner&#8221; et complet ou en tant que syst\u00e8me de secours pour les DJ utilisant les ordinateurs portables (syst\u00e8mes C.P.S.).<br \/>\nPort USB externeIl g\u00e8re de nombreuses classes de m\u00e9moire de masse USB directement ou via une station pivot USB 2.0 (vendue s\u00e9par\u00e9ment).<br \/>\nLa connexion d&#8217;un iPod\u00ae, d&#8217;un Jump Drive et des disques durs USB de grande capacit\u00e9 permet d&#8217;acc\u00e9der facilement \u00e0 des biblioth\u00e8ques MP3\/WAV de petites ou de grandes tailles.<br \/>\nIl suffit de brancher les appareils pour obtenir d&#8217;importantes fonctions op\u00e9rationnelles, telles que l&#8217;allumage instantan\u00e9, l&#8217;encha\u00eenement automatique, le scratching et la recherche de fichiers, pour n&#8217;en nommer que quelques-uns.<br \/>\n*Jusqu&#8217;\u00e0 4 m\u00e9moires peuvent \u00eatre connect\u00e9es en m\u00eame temps.Support de lecteur DN-D4500 \/ DN-D4000<br \/>\nLe DN-D4000 et le DN-D4500, les lecteurs doubles CD\/MP3 les plus populaires du march\u00e9, sont, \u00e0 la base, g\u00e9r\u00e9s par le DN-HD2500 et peuvent \u00eatre facilement mis \u00e0 jour.<br \/>\nLe DN-HD2500 fait fonction de contr\u00f4leur et de centre d&#8217;auxiliaires audiovisuels, avec son m\u00e9dia CD, son disque dur interne et ses appareils externes, tous \u00e0 la port\u00e9e de votre main.Support clavier et syst\u00e8me de navigation intuitive de fichier<br \/>\nGestion de tous les claviers USB standard (Qwerty) permettant la cr\u00e9ation simplifi\u00e9e des cat\u00e9gories\/playlists et la recherche de chansons par artiste, album, titre, genre, ann\u00e9e et BPM.4 superbes effets int\u00e9gr\u00e9s<br \/>\nActivation et commande facile de tous les param\u00e8tres gr\u00e2ce \u00e0 une commande unique mixte Dry\/Wet des quatre effets : flanger, filtre (haut, moyen, bas), \u00e9cho et, pour la premi\u00e8re fois au monde, l&#8217;effet \u00e9cho\/loop.<br \/>\nIl n&#8217;a jamais \u00e9t\u00e9 facile de remixer en live et de mettre de l&#8217;ambiance sur la piste de danse.3 effets de platine<br \/>\n&#8211; Frein (r\u00e9glage en temps r\u00e9el)<br \/>\n&#8211; Dump (inversion du son sans perte de synchronisation dans le temps, telle une \u00e9dition de radio.<br \/>\n&#8211; Inversion (la platine tourne \u00e9galement \u00e0 l&#8217;envers).<br \/>\nR\u00e9solution plage de Pitch et plage de hauteurPour les longues transitions de mixage n\u00e9cessitant une r\u00e9solution \u00e9lev\u00e9e. Une r\u00e9solution de 0,02 % sur la plage de Pitch de 4%, une r\u00e9solution de 0,05% sur la plage de pitch de 10\/16% ainsi que les plages de 24%\/50%\/100% sont \u00e9galement disponibles.<\/p>\n","protected":false},"excerpt":{"rendered":"<p>Lecteur et contr\u00f4leur m\u00e9dia professionnel, bas\u00e9 sur un disque dur, offre un pupitre central de commande enti\u00e8rement int\u00e9gr\u00e9 qui r\u00e9pond aux besoins des DJ&#8217;s en constante \u00e9volution. Souple et poss\u00e9dant de multiples caract\u00e9ristiques, le DN-HD2500 est con\u00e7u pour toutes les manifestations o\u00f9 la qualit\u00e9 professionnelle et les performances sans faille sont exig\u00e9es.<\/p>\n","protected":false},"featured_media":1137,"comment_status":"open","ping_status":"closed","template":"","meta":[],"product_cat":[38],"product_tag":[],"class_list":["post-1136","product","type-product","status-publish","has-post-thumbnail","hentry","product_cat-controleur-dj"],"_links":{"self":[{"href":"https:\/\/locaperche.fr\/index.php\/wp-json\/wp\/v2\/product\/1136","targetHints":{"allow":["GET"]}}],"collection":[{"href":"https:\/\/locaperche.fr\/index.php\/wp-json\/wp\/v2\/product"}],"about":[{"href":"https:\/\/locaperche.fr\/index.php\/wp-json\/wp\/v2\/types\/product"}],"replies":[{"embeddable":true,"href":"https:\/\/locaperche.fr\/index.php\/wp-json\/wp\/v2\/comments?post=1136"}],"wp:featuredmedia":[{"embeddable":true,"href":"https:\/\/locaperche.fr\/index.php\/wp-json\/wp\/v2\/media\/1137"}],"wp:attachment":[{"href":"https:\/\/locaperche.fr\/index.php\/wp-json\/wp\/v2\/media?parent=1136"}],"wp:term":[{"taxonomy":"product_cat","embeddable":true,"href":"https:\/\/locaperche.fr\/index.php\/wp-json\/wp\/v2\/product_cat?post=1136"},{"taxonomy":"product_tag","embeddable":true,"href":"https:\/\/locaperche.fr\/index.php\/wp-json\/wp\/v2\/product_tag?post=1136"}],"curies":[{"name":"wp","href":"https:\/\/api.w.org\/{rel}","templated":true}]}}