{"id":1122,"date":"2025-03-07T20:07:53","date_gmt":"2025-03-07T19:07:53","guid":{"rendered":"http:\/\/locaperche.fr\/?post_type=product&#038;p=1122"},"modified":"2025-03-11T00:21:02","modified_gmt":"2025-03-10T23:21:02","slug":"ibiza-las60g","status":"publish","type":"product","link":"https:\/\/locaperche.fr\/index.php\/produit\/ibiza-las60g\/","title":{"rendered":"LASER VERT 60mW"},"content":{"rendered":"<p><b>Laser vert 60Mw Ibiza LAS60G<\/b><\/p>\n<p>Effet laser moderne qui \u00e9met un rayon de forte puissance au moyen d&#8217;une diode DPSS. Tr\u00e8s beaux effets de volumes (tunnel,etc&#8230;) lorsque qu&#8217;il est utilis\u00e9 en conjonction avec une machine \u00e0 fum\u00e9e.<\/p>\n<p>&#8211; Fonctionnement en modes : fixe, programme automatique, command\u00e9 par la musique ou par DMX.<br \/>\n&#8211; Programme automatique de 58 effets<br \/>\n&#8211; DMX (DMX512) 8 canaux<br \/>\n&#8211; Ventilateur de refroidissement<br \/>\n&#8211; 60mW-532nm VERT<br \/>\n&#8211; Equip\u00e9 d&#8217;une cl\u00e9 et d&#8217;un crochet de s\u00e9curit\u00e9<\/p>\n","protected":false},"excerpt":{"rendered":"<p>Laser vert 60Mw Ibiza LAS60G Effet laser moderne qui \u00e9met un rayon de forte puissance au moyen d&#8217;une diode DPSS. Tr\u00e8s beaux effets de volumes (tunnel,etc&#8230;) lorsque qu&#8217;il est utilis\u00e9 en conjonction avec une machine \u00e0 fum\u00e9e. &#8211; Fonctionnement en modes : fixe, programme automatique, command\u00e9 par la musique ou par DMX. &#8211; Programme automatique [&hellip;]<\/p>\n","protected":false},"featured_media":1192,"comment_status":"open","ping_status":"closed","template":"","meta":[],"product_cat":[26],"product_tag":[],"class_list":["post-1122","product","type-product","status-publish","has-post-thumbnail","hentry","product_cat-laser"],"_links":{"self":[{"href":"https:\/\/locaperche.fr\/index.php\/wp-json\/wp\/v2\/product\/1122","targetHints":{"allow":["GET"]}}],"collection":[{"href":"https:\/\/locaperche.fr\/index.php\/wp-json\/wp\/v2\/product"}],"about":[{"href":"https:\/\/locaperche.fr\/index.php\/wp-json\/wp\/v2\/types\/product"}],"replies":[{"embeddable":true,"href":"https:\/\/locaperche.fr\/index.php\/wp-json\/wp\/v2\/comments?post=1122"}],"wp:featuredmedia":[{"embeddable":true,"href":"https:\/\/locaperche.fr\/index.php\/wp-json\/wp\/v2\/media\/1192"}],"wp:attachment":[{"href":"https:\/\/locaperche.fr\/index.php\/wp-json\/wp\/v2\/media?parent=1122"}],"wp:term":[{"taxonomy":"product_cat","embeddable":true,"href":"https:\/\/locaperche.fr\/index.php\/wp-json\/wp\/v2\/product_cat?post=1122"},{"taxonomy":"product_tag","embeddable":true,"href":"https:\/\/locaperche.fr\/index.php\/wp-json\/wp\/v2\/product_tag?post=1122"}],"curies":[{"name":"wp","href":"https:\/\/api.w.org\/{rel}","templated":true}]}}